-70)/15*(-6)/7. Suppose -m + 4 - 2 = 0, m - 42 = h*k. Let i(w) = -120*w - 9. Is i(k) a prime number?
False
Suppose 5*g + 2343 = 4*j, -13*g = -17*g - 12. Suppose -19*x + j = -16*x. Is x a composite number?
True
Let n(y) = 3*y + 21. Let t be n(-15). Let f(w) = -37*w - 10. Is f(t) a prime number?
False
Let b = -678 - -1157. Let d = 741 - b. Is d a prime number?
False
Suppose v - 3*h + 16462 = -16294, 4*v - 5*h = -131031. Let p = 49362 + v. Is p a composite number?
False
Let y(j) be the first derivative of 1829*j**5/120 + j**4/24 - 2*j**3 + 20. Let p(z) be the third derivative of y(z). Is p(2) prime?
True
Suppose g = 1000 - 155. Suppose z = -z + 50. Suppose z*a - 30*a + g = 0. Is a a composite number?
True
Let m(w) = w**2 + 15*w + 20. Let j be m(-11). Let v(l) = -897*l - 109. Is v(j) a prime number?
True
Let q(t) = -6*t**3 - 54*t**2 + 64*t - 10. Let z(p) = -p**3 - 11*p**2 + 13*p - 2. Let h(y) = 2*q(y) - 11*z(y). Let l be (22/2)/(1/(-7)*-7). Is h(l) composite?
False
Let t be (-3 + 424/12)/(2/(-90)). Suppose 0 = 3*k + 2*k + 11830. Let x = t - k. Is x a composite number?
False
Let y = -4727 - -10108. Is y a prime number?
True
Let w(t) = 799*t + 125. Let r(s) = 200*s + 31. Let a(h) = 9*r(h) - 2*w(h). Let c be a(4). Suppose 5*j - 3702 = -c. Is j a composite number?
True
Suppose 0 = -4*v + 8. Suppose 6*o - 15 = 3*o, -2010 = -4*s + v*o. Is s prime?
False
Let r = -114 + 112. Let o(i) = 44*i**3 + i**2 - 5*i - 4. Let z be o(r). Let a = z - -521. Is a a composite number?
False
Suppose 0 = x - 5*x + 6*x. Suppose x = 16*m - 10*m + 984. Is 3 + -1 - (2 + m + 3) a composite number?
True
Let y(m) = -10061*m**2 + 6*m + 10068*m**2 - 40 + 20*m. Is y(-17) prime?
False
Let r = -30 - -34. Suppose l - 2107 = -2*y - 4*l, -r*y + 3*l = -4253. Is y prime?
True
Suppose 0 = -5*f - 4*n + 5092, 11*n - 7*n = 5*f - 5068. Let h(t) = -t**3 + 4*t**2 + t - 4. Let v be h(4). Suppose v = 6*c - f - 742. Is c composite?
False
Let j(w) be the third derivative of -5*w**6/8 + 3*w**5/20 - w**4/12 - 2*w**3/3 + 24*w**2. Let t be j(-8). Is 4/16 - t/(-16) a prime number?
True
Suppose -523067 = -3*r - 7*x + 8*x, -3*x - 348716 = -2*r. Is r a composite number?
True
Suppose 10 = 2*z, -5*z + 3 = -3*x - 13. Let o be 7 + -7 - ((3 - 9) + x). Suppose 3*v - 12 = 0, -3*g + o*v + 0*v + 13491 = 0. Is g prime?
False
Let l(h) = 2*h**3 - 5*h**2 + 23*h - 54. Let z be l(3). Suppose f - 18 = 3*q - 0*f, -6 = q - 3*f. Is 1103 + q/9*z/4 a composite number?
True
Let i be 118*-3*(3 - 10)/1. Suppose -1245 = -y + d, y - i = -y - 2*d. Suppose 2*q - y = -w, 0*w + 3*w + 12 = 0. Is q composite?
True
Let a(o) = -o + 5. Let l be a(-18). Suppose l = i + 26. Is 2 + i/(-3) + 628 composite?
False
Let s(y) = 964*y**2 + 5*y - 50. Let p(m) = -482*m**2 - 3*m + 25. Let g(j) = 7*p(j) + 4*s(j). Is g(-4) prime?
True
Let l(s) = 4*s - 17. Let a be l(6). Suppose -5*r + 13 = -3*z, -2*z - a = -4*r + r. Suppose 2*f - 820 = -3*f - 5*v, -647 = -4*f + r*v. Is f a composite number?
False
Suppose -16*c + 15*c - 5*k + 292118 = 0, 1460662 = 5*c + k. Is c prime?
True
Suppose -4*v = -5*v + 2*a + 2, v + a + 7 = 0. Let o be v/(-2)*13/((-130)/179655). Is (-6)/21 - o/49 composite?
False
Suppose 74 = -5*y + 89. Suppose 4*l - 7800 = -y*m - m, l - 1947 = 2*m. Is l a prime number?
True
Suppose 0 = -4797*p + 4806*p - 764209 + 129187. Is p a prime number?
False
Let g(a) = -9958*a + 3522. Is g(-8) prime?
False
Let h(r) = 23 + 6*r + 12*r - 10*r. Let z be h(7). Is 4/(-8)*z*-2 prime?
True
Suppose 0 = 26*p - 22*p + 312. Let u = -173 - p. Let r = u - -134. Is r a prime number?
False
Suppose -2*o + 47 = -2*q - 7*o, 0 = -4*q + 5*o - 49. Let w be 4/q - 3693/(-4). Suppose 5*f = 3*x - w, 0 = -4*x + 5*f + 1015 + 209. Is x composite?
True
Let o(t) be the second derivative of 91*t**4/24 + 19*t**3/6 - t**2 - 21*t. Let n(v) be the first derivative of o(v). Is n(6) composite?
True
Suppose 0 = -2*i + i + 5. Suppose i*q = w + 101, -3*w - 2*w + 62 = 2*q. Suppose -18*g = -q*g + 327. Is g a composite number?
False
Let p(i) = 147*i**2 - 4*i + 89. Is p(12) composite?
True
Let h(x) = -364*x**3 - 20*x**2 - 130*x - 7. Is h(-5) a composite number?
True
Let a(c) = -c + 40. Let r be a(8). Suppose 0*s = 4*s + 5*x - 352, -4 = -x. Let f = s + r. Is f a prime number?
False
Let h = 273098 - 173577. Is h a composite number?
True
Let o(d) = 22461*d + 10255. Is o(6) a composite number?
False
Suppose 15*h - 37 - 38 = 0. Suppose -8473 = -h*u - 4*t, u - t = -6*t + 1703. Is u prime?
True
Let l = -565952 + 970053. Is l a prime number?
False
Let x(r) = 4*r**3 - 8*r**2 - 6*r - 8. Let h be x(9). Suppose 0 = -8*f + 206 - h. Let t = f - -524. Is t prime?
False
Is 170218*(702/(-36) - -20) composite?
False
Suppose -77*u = -32*u - 6484635. Is u a composite number?
False
Let j = 47 - 6. Suppose -7*z + 13*z = -612. Let x = j - z. Is x a prime number?
False
Let j = 66005 + -46394. Suppose -3*m - 6*m = -j. Is m a prime number?
True
Suppose -4*t + 6*t = -2*s - 6026, t = 0. Let a = s + 10268. Is a a prime number?
False
Suppose 0 = 6*w - 4*w + 2. Let l be (-2 + 4 + w)*1. Is 1/l*(-13 + 1176) prime?
True
Suppose -6*x - 106861 = -8*x - 3*v, -4*x = v - 213737. Is x a composite number?
True
Let l = 9 - -36. Suppose 0*q = 5*c + 5*q - 25, -3*c + 3*q = -l. Let s(n) = 10*n**2 - 33*n + 7. Is s(c) a composite number?
False
Let l = -498 - -490. Is ((-391080)/l - -5)/2 composite?
True
Let x(o) = -20*o + 164. Let i be x(8). Suppose -9 - 11 = -5*y. Suppose -c + 1645 = i*v, -v + y*c - 5*c + 412 = 0. Is v a prime number?
False
Is 24/(-40)*4986555/(-63) composite?
False
Suppose -13*n = -18*n + 475. Suppose 9*l = 14*l - n. Suppose 9327 = l*r - 16*r. Is r composite?
False
Let w(u) = -821*u**3 - 3*u**2 - 22*u - 25. Let l(s) = 273*s**3 + s**2 + 7*s + 8. Let k(q) = 8*l(q) + 3*w(q). Is k(-2) a prime number?
True
Suppose -5*s + 3*s = 38. Let v be (-2 - s) + 4/(-2). Is (-6)/v + (-9207)/(-55) a prime number?
True
Suppose -f - 2132 = 3406. Let j = -3755 - f. Is j composite?
False
Let i be 8 + (-1 - (5 - -2032)). Let t = -349 - i. Is t composite?
True
Let m(o) = 8*o - 5 - 3 - 8*o**3 + 5*o**3 + 3 - 3*o**2. Let b be m(-4). Suppose -n = 2*k - 1263, 4*k + 6380 = 5*n + b. Is n a composite number?
True
Let g(f) = 16*f**2 - 7*f + 16. Suppose -3*q + 27 = -0. Let l be g(q). Suppose 4*v - 6*v - 3773 = -3*m, -l = -m + 5*v. Is m prime?
True
Is 319100 - ((580/80 - 0) + 2/(-8)) prime?
True
Let v(t) = -20*t - 2 + 11*t**2 - 22*t**2 - 2*t**3 + 4*t**2. Is v(-8) prime?
False
Let f(s) = 10*s**2 + 8*s + 41. Let j be (-4 - (-5 - 0)) + 1. Suppose -19 = 3*q - 4*k, 5*q - 3*k + 26 = -j*k. Is f(q) composite?
False
Let u(z) = 87*z + 6. Let c be u(15). Suppose h = 3*j + 3*h - c, j = -4*h + 427. Is j a prime number?
True
Let c(u) = 65*u**2 + 2*u + 2. Let x be c(5). Suppose -35*v - 6*d = -32*v + 3, 4*v - 4*d = 8. Suppose 0 = 5*m - 21 + v, -x = -3*p + m. Is p a composite number?
False
Let c = 206 + -115. Suppose 94*t - 30435 = c*t. Is t a composite number?
True
Let v(g) = -27085*g - 3789. Is v(-10) a prime number?
False
Is 67023 + -1 + (15 - (-12 + 20)) a prime number?
False
Let j = 51368 + -27649. Is j composite?
False
Let q(z) = 2*z - 31. Let j be q(18). Suppose 1422 = a - 0*a - w, -7111 = -j*a + 4*w. Is a prime?
True
Suppose 2*a - 3*f - 144790 = 0, -8*a + 3*a - 4*f + 361929 = 0. Is a prime?
False
Is 4883845/68 - 4/96*6 a prime number?
True
Let x be ((-2)/(-3))/(25/(-75)) - 1. Let j(n) = -375*n**3 - 4*n**2 + 11*n + 5. Is j(x) a prime number?
True
Let g(s) = 144*s**2 - 10*s + 19. Let u be g(-7). Suppose -3*v + 5196 + u = 4*q, 3*q - 4*v = 9237. Is q prime?
True
Let f be (80/(-90))/(4/(-18)). Suppose 2*w - 28758 = -2*s, -f*s - 16807 + 74327 = 2*w. Is s prime?
False
Let g be 5 - (7 + (7 - 4)). Suppose -3*i = 12, 2*i = 4*p + 7*i + 32. Is p + 5 + 896 + g a prime number?
False
Is 1/(7*(-15)/(-5572245)) composite?
False
Suppose 13*d - 49*d + 6674981 = 71*d. Is d prime?
True
Suppose 4*r = -3*v + 26, 3*v + 2*r - 20 - 8 = 0. Suppose -20*p + 25*p = v. Suppose s - 2*s = -p*w + 835, -3*w + 3*s = -1248. Is w composite?
False
Let c(h) = 924536*h**2 - 21*h + 2. Is c(1) prime?
False
Suppose -b = x - 4, -10*x + 7*x = b - 4. Suppose 7*c + 570 = b*c. Let i = 339 + c. Is i prime?
True
Let i = 208320 - -288837. Is i a prime number?
False
Let a be (-18)/(-117) + (-170229)/(-39). Let b = 5432 + a. 